
Let t be (3/9)/(3/36). Suppose 24 + t = 2*g. List the prime factors of g.
2, 7
List the prime factors of (-6)/(-4)*-1*(-1310)/15.
131
Suppose -2*u = -8 - 12. Let k = u + -8. Suppose 2*n - 2 - k = 0. List the prime factors of n.
2
Suppose -2*n = -4*n. Suppose j - 2*u = n, -3*u - 10 = -3*j + 2. What are the prime factors of j?
2
Suppose -4*t + 30 = t. Let q = 4 - 1. What are the prime factors of -5*-6*q/t?
3, 5
Let n = 10 + -21. Let r = n - -3. Let s = -3 - r. List the prime factors of s.
5
Let k(p) = p**3 + 7*p**2 + 5 + 4 - 3 - 9*p. List the prime factors of k(-8).
2, 7
Suppose 4*x - 2*w - 1344 = 0, 4*x - 521 = 3*w + 821. What are the prime factors of x?
337
Let v = 49 + -27. Suppose 0 = -r - 0*r + v. What are the prime factors of r?
2, 11
Let d(i) = 5*i**3 + 2*i**2 - 3. Let z(l) = -11*l**3 - 3*l**2 + l + 6. Let g(u) = 9*d(u) + 4*z(u). Let s = 1 + -6. List the prime factors of g(s).
2
Let l = 165 - 54. List the prime factors of l.
3, 37
Let b(d) be the first derivative of d**2/2 + 7*d + 2. Let u be b(11). Let k = u - 9. What are the prime factors of k?
3
Let d(t) = -2*t + 9. Let o = 7 - 17. List the prime factors of d(o).
29
Let o be (0/3 - 0)/1. Suppose -2*d - 6*q = -3*q + 4, o = 3*d - 5*q + 44. List the prime factors of d/44 - (-202)/22.
3
Let f(t) = -t**3 + t**2 + t**2 + 0*t**2 - t**2. What are the prime factors of f(-2)?
2, 3
Let p = -89 - -117. What are the prime factors of p?
2, 7
Suppose -c + 49 = 2*l, -4*c + 4*l = 7*l - 216. What are the prime factors of c?
3, 19
Suppose -2*z + 9*z = 1974. What are the prime factors of z?
2, 3, 47
Suppose 0 = -5*p - 3*z + 39, -p - 3*p + 36 = 4*z. Let v = p + -3. List the prime factors of (-6)/(v/8*-2).
2
List the prime factors of (2/2)/((-1)/(-2)).
2
Suppose 2*v + 2 - 6 = 0. Suppose -v*y = y - 18. What are the prime factors of y?
2, 3
Let y(r) = r. Let u be y(2). Suppose -4*k + 3*w = 0, -u*k - 3*w = 5 + 13. List the prime factors of k/(-2 - 15/(-9)).
3
Let n be -4*1/3*-3. Suppose 2*x = 2*u + 10, -n*u + 6*u = -2*x + 30. List the prime factors of x.
2, 5
Let p be (2/3)/(2/3). Suppose -u - u = -8. List the prime factors of 6/u*(p - -3).
2, 3
Suppose 16 = 6*r - 4*r. What are the prime factors of r?
2
Suppose -2*q = -2*m - 26, m = q + 4*q - 57. List the prime factors of q.
11
Suppose -4*r - 4*n = -280, -2*r + 2*n + 39 = -81. List the prime factors of r.
5, 13
Suppose -k + 5*o + 128 = -0*k, 2*k + 4*o = 200. Let m be k/20 + 6/(-15). What are the prime factors of 20/(-8)*(-12)/m?
2, 3
Let y(b) = 6*b**2 + 1. What are the prime factors of y(-3)?
5, 11
Let s = 4 - -46. List the prime factors of s.
2, 5
Suppose -2*v = -6 - 6. Suppose 4*a + 2*o + 2 = 0, 3*a - 2*o = 2*o + 4. Suppose -5*g + 29 + v = a. List the prime factors of g.
7
Suppose -2*y + 5*y - 12 = 0. Suppose -y*r - 5 = -1. Let i(t) = -10*t**3 - t**2 + t + 1. What are the prime factors of i(r)?
3
Let y = -29 - -49. What are the prime factors of y?
2, 5
Let m = -285 - -567. What are the prime factors of m?
2, 3, 47
What are the prime factors of 164/(-2 + 4) - (-3 + -1)?
2, 43
What are the prime factors of 2/((-2)/68*-1)?
2, 17
What are the prime factors of 0 - ((-75)/3 + -2)?
3
Let m be (6 - 5)/((-2)/(-2)). Let v = 8 - m. List the prime factors of v.
7
Let v(g) = -3*g**3 + g**2 - 3*g + 3. Let z be v(2). Let n = z + 30. What are the prime factors of n?
7
Let n be (-1 - 0) + 56/(-2). Suppose t - 1 = -16. Let i = t - n. What are the prime factors of i?
2, 7
Suppose 5*w + k - 715 = 2*w, 3*w - 709 = 5*k. List the prime factors of w.
2, 7, 17
Let c be ((-12)/14)/((-2)/14). Suppose -w = 3 - c. Suppose -3*d = 3*k - 6*k + 30, -d = w*k - 18. What are the prime factors of k?
7
Let y = 0 - -2. Suppose -4*u - j + 170 = 0, -y*u = -3*j - 2*j - 96. List the prime factors of u.
43
Suppose 4*w = -w + 35. Let a(g) = g**3 - 7*g**2. Let b be a(w). List the prime factors of 3*((-12)/(-9) - b).
2
Let t = 86 + -60. Let p = t - 15. List the prime factors of p.
11
Let z = -42 + 62. Let q be (0 - 5/3)*3. Let v = q + z. List the prime factors of v.
3, 5
Let p be 0/(((-8)/1)/(-4)). Suppose -w + 19 = -p*w. List the prime factors of w.
19
Suppose 0 = b - y + 5, -23 = -3*y - 8. Suppose -4*o - 5*x + 1 - 9 = b, -3*o - 4*x = 7. What are the prime factors of 1*(3 + o)/1?
2, 3
Let t = 13 + -6. Let f = -14 + t. Let n(v) = -v + 5. What are the prime factors of n(f)?
2, 3
Let s(x) = -x**3 - 4*x**2 + 4*x - 7. Let m be s(-5). Let l be (m - 0/(-2)) + 11. Suppose 5*i - l = -5*y + 1, -5*y = -5*i - 10. What are the prime factors of y?
2
Suppose -5*k + 4*o = -57, 3*k - 4*o - 35 = 4. What are the prime factors of k?
3
Let u = -212 - -118. Let j = -57 - u. List the prime factors of j.
37
Let a = 4 + 1. Suppose 15 = a*j - 0*j. Let f(m) = -m**2 + 3*m + 2. List the prime factors of f(j).
2
Let q = -36 - -56. Let u = -9 + q. What are the prime factors of u?
11
Suppose -10 = -f + 2*l, 2*l = 2*f + f - 26. Let s(i) = -i**2 + 8*i - 2. Let h be s(f). Let u = h + 5. List the prime factors of u.
3
Let z(c) = c**2 - 12*c + 4. List the prime factors of z(12).
2
Let y be 1*-9*(1 - 2). List the prime factors of y/15 + (-860)/(-25).
5, 7
Let z be 3/(-2)*(2 - 4). Suppose -z*l + 18 = -l. List the prime factors of l.
3
Let p(k) be the first derivative of -9*k**2/2 - 3*k + 1. Let t be p(-3). Suppose 4*z = z + t. List the prime factors of z.
2
Let z(f) = 4*f**2 + f - 1. Suppose 4*a - 11 = 1. Let t = 4 - a. What are the prime factors of z(t)?
2
Suppose 4*r - h + 42 = -41, -39 = 2*r - h. Let q be ((-6)/(-4))/((-1)/r). Suppose y = 4*y - q. List the prime factors of y.
11
Let r(t) = -t**3 + 8*t**2 - 9*t + 1. Let i be r(7). Let n = -7 - i. List the prime factors of n.
2, 3
Suppose 71 - 26 = 3*j. Suppose 4*n - x = 26, 3*n - 5 = x + j. Suppose -2*q + n + 28 = 0. What are the prime factors of q?
17
Let l(t) be the third derivative of -t**6/20 + t**4/24 + 2*t**2. Let u be l(-1). Suppose u*z = 99 - 39. What are the prime factors of z?
2, 3
Let n be (-7)/(-2 + 15/9). Suppose -n = -5*y - 6. What are the prime factors of y/(-3) + 11 + 0?
2, 5
Suppose 139 = l + 2*a + 3*a, 5*a = -15. List the prime factors of l.
2, 7, 11
Suppose 41 = 5*g - 44. List the prime factors of g.
17
Let o be (-2)/((-4)/(-6)) - -49. Suppose -o = h - 3*h. List the prime factors of h.
23
Let r = -63 - -94. Suppose -4*i - 7 + r = 0. What are the prime factors of i?
2, 3
Let h(d) = 2*d + 12. Suppose -4*o + 0*o = -40. List the prime factors of h(o).
2
Let b(z) = z. Let h(w) = 6*w - 9. Let x(d) = -9*b(d) + h(d). List the prime factors of x(-8).
3, 5
Suppose -h + 0*h = -3*x - 72, 309 = 5*h + 2*x. What are the prime factors of h?
3, 7
Suppose 3 = 4*a - 1. Let b = a - -3. Let h = 6 - b. List the prime factors of h.
2
Suppose 0*x + 4 = -x. What are the prime factors of 138/x*2/(-3)?
23
Suppose -5*i - 20 = -10. What are the prime factors of 18*((-40)/12)/i?
2, 3, 5
Let d(m) be the third derivative of 3*m**5/20 - m**4/24 - m**3/6 + 3*m**2. What are the prime factors of d(2)?
3, 11
Suppose -8 = -m + 5. Suppose 5*t + m - 115 = -3*q, 0 = 3*q - 5*t - 72. What are the prime factors of q?
29
Let k be -3 + (2/(-2) - 0). List the prime factors of (k + 3)*(1 + -5).
2
Suppose -5*o = -20, -3*o - 37 = -3*h + 53. Suppose 4*w - h - 62 = 0. Suppose -w = -0*x - 4*x. List the prime factors of x.
2, 3
List the prime factors of 8*((-9)/21 + 3390/168).
2, 79
Suppose -2*w - 2*w = -344. What are the prime factors of w?
2, 43
Let w be (-2)/(-3)*(10 + -4). Suppose -o - w = -2*o. Suppose 2*j - 23 = -3*a, -4*a = o*j - a - 49. What are the prime factors of j?
13
Let n = -25 + 56. What are the prime factors of n?
31
Let u(t) = t - 3. Suppose 0 = -9*x + 4*x. Suppose -2*h + 3*g = -1, -h + 2*g - 2 = -x. List the prime factors of u(h).
5
Let i(m) = m**2 - m - 1. Let h(v) = -6*v**2 + 15. Let t(j) = -h(j) - 5*i(j). List the prime factors of t(-8).
2, 7
Let x(m) = m**3 + 12*m**2 + 11*m. Let n be x(-11). Suppose -j + 5*j - 12 = n. What are the prime factors of j?
3
Let u(z) = -z**3 + z - 1. Let i be u(-2). Suppose 153 = i*n - 4*v, 2*n - 3*v = v + 54. What are the prime factors of n?
3, 11
Let y(r) = 3*r + 2. Let f be y(2). Suppose 3*t - 3 = -4*a + f, -a + 2*t = 0. Suppose q + a*q = 12. What are the prime factors of q?
2
Let h(n) = 2*n - 5. Let j be h(5). Suppose 3*d = -2*t + j - 1, -d = 5*t - 23. What are the